-1 - -12) + -2 + 11 + -4.
16
Calculate 3 + 32 + -25 - (-10 - 7).
27
What is 10 - ((-14 - 6) + 17)?
13
What is -13 + 10 + (-11 - -1) + -7?
-20
-7 + (1 - -3) - ((40 - 28) + -6)
-9
What is 3 - (20 - 2 - 3)?
-12
(-1 - 11 - (16 + 1)) + 10
-19
Calculate -6 - ((18 - 21) + (-1 + 3 - 6)).
1
Evaluate 2 + (5 - (10 + -7)) + 10.
14
What is the value of -1 + (0 - (10 + -11) - 3)?
-3
36 - 36 - (3 - 3) - 6
-6
Evaluate 1 - -5 - (-25 + -21 + 32).
20
(-1 + 12 - -5) + 4 + -30
-10
What is 4 - (4 - (13 + -5) - -9)?
-1
Evaluate (-2 - 1) + (-8 + 10 - 1 - -11).
9
Evaluate 11 + 13 + 6 + -16 + -1.
13
Evaluate -7 + (2 - -48) + -24.
19
Evaluate 15 + ((-9 - -10) + 8 - 17).
7
What is the value of 2 + 3 + -4 + -6 + (3 - -1)?
-1
What is the value of (-34 - -20) + 13 - 17?
-18
What is (-23 - (-5 - 4)) + -13 + 2?
-25
Evaluate (-2 - (-11 - 0)) + -5 + -23.
-19
What is -12 + -2 + 0 + 10 + -110 + 100?
-14
Calculate (-2 - -30) + (12 - -4) + (12 - 34).
22
Evaluate 8 + -1 - -4 - 9 - -1 - -22.
25
What is (14 - -41 - 52) + 0 + -4 + 0?
-1
Evaluate -13 + 10 + 23 + -13 + (-18 - 0).
-11
Evaluate 3 + -7 - 5 - (-6 + 5 + 1).
-9
What is -5 + -1 + -4 - (10 - 7)?
-13
What is 15 + 34 + -28 + 1?
22
Calculate -45 + 3 + 324 + -313.
-31
What is 0 + -9 + (-1 - -10) + 2?
2
Evaluate 2 + (-5 - -3) + -8 + (-1 - -27).
18
What is the value of 3 + -6 + 0 + 9 + (-16 - 4)?
-14
6 + (7 - (-8 - -17)) + 0 + 1
5
-15 - -13 - (1 - 12 - (-20 + 18))
7
(-1 - -3) + -12 - (38 + (66 - 100))
-14
1 - -1 - (-172 - -189) - -3
-12
Evaluate 25 + -17 + 14 - 13.
9
Calculate 7 + (-26 - -8) + 16 - (0 + 4).
1
Evaluate 10 - -5 - (-22 - (11 + -35)).
13
-4 + (-6 - 1 - (-28 - (10 - 12)))
15
Calculate (16 + 11 - 19) + (5 - (1 - 3)).
15
What is 9 - (7 + 6 + -14)?
10
What is (-34 - (-7 - 20)) + 12?
5
-18 - (12 - 28 - (25 + -43))
-20
What is the value of (-53 - ((9 - 19) + -3)) + 6?
-34
Calculate (-4 + -2 - (-13 + 16)) + 2.
-7
What is the value of 0 - (-3 + (-9 - (4 + 0 - -3)))?
19
What is the value of (5 + -1 - 0) + (-1 - 0)?
3
What is 63 + -116 + 56 + (-13 - -1)?
-9
Calculate 16 - (-8 + -4 + 47).
-19
Calculate 3 + (-4 - (12 - 17)).
4
What is 6 + -1 - -2 - (111 + -107)?
3
Calculate 4 - (-2 + 23) - -12 - (-2 - -1).
-4
(-2 - (6 - 19 - -6)) + 20 + -15
10
Evaluate 6 - (2 - -1 - (1 + -3 + -4)).
-3
What is (21 - 1) + -8 - -1?
13
7 + 1 + (5 + 10 - 13)
10
Evaluate 11 - ((-4 - -1) + 23 + -21).
12
What is the value of 2 + 0 + 5 + -14 - -15?
8
Evaluate 9 + -13 + 8 + 4 - -20.
28
(18 + -9 + -9 - -3) + -31 - -12
-16
Calculate -38 + 15 + (-39 - -38).
-24
Evaluate (15 - (4 + -5)) + (-1 + 30 - 19).
26
4 + (-2 - (8 + -7)) + 1 + -11
-9
What is 0 + -11 + 8 + 3 + -16 + 6?
-10
(-55 - 7 - -25) + 66
29
4 - (-248 - -266 - (1 - 8))
-21
-12 - -14 - -12 - 11
3
Calculate (-19 - (9 - 31)) + 2.
5
What is 2 + 1 + (22 - 12) + -4 + -25?
-16
Evaluate -32 - ((-5 - -27 - 27) + 2 + 2).
-31
Calculate (12 - (4 + (-4 - -7))) + 6.
11
Calculate 6 + (-12 - -1 - -21) + -14.
2
Evaluate -1 + -1 + (43 - 29).
12
Calculate 6 - (-14 + -13 + 19).
14
What is 4 + (-6 - 4 - (-24 - -23))?
-5
Calculate 16 - (-10 + 21 + (-6 - 1)).
12
What is the value of -8 + 41 + -31 + -7 + -1 + 17?
11
4 + (-4 - 2) + (10 - 8) - -2
2
What is (25 - 79) + 14 - -25?
-15
What is the value of 3 + 3 + -9 + -3 + 19?
13
What is -85 - -77 - (5 + 0 + 1)?
-14
What is -24 - (-17 + 0 + 5)?
-12
Calculate 8 - (39 + -10 + -12 - 18).
9
What is the value of -2 - (-19 + 20 + 1)?
-4
What is 9 - (2 - (12 - 5) - 1 - -7)?
8
-5 - (-4 + -4 - (15 + -10 + 5))
13
-8 + (6 - 3 - (-1 - 10) - -6)
12
Calculate -5 + 8 + (-1 - -1) + (19 - 49).
-27
Evaluate 2 + -12 + 0 + -2548 + 2592.
34
Calculate -17 - (15 + (-4 - 17)).
-11
Calculate 5 - (1 + (-11 + 19 - 0)).
-4
What is the value of 0 + (4 + -7 - (-22 - -5))?
14
Evaluate -6 - (-35 + (-2 - -19)) - 8.
4
Calculate -10 + (12 + -8 - 9) + (-3 - -5).
-13
What is 46 + -19 - (-12 + 7 + 13)?
19
Calculate (12 + (-2 - 5) - 16) + 12.
1
What is 7 + -4 + (-11 - -20) + -5 + 20?
27
(6 - (-24 - -15)) + -11
4
What is the value of 2 + 1 - (-7 - (7 + -16))?
1
What is -9 + 18 - -24 - 13?
20
-18 - -21 - (-13 - -2)
14
Evaluate -9 + -13 + 27 - -1.
6
Calculate 10 - (17 - 3) - -7.
3
Evaluate (16 - 13) + (0 + -1 - -1).
3
What is (29 - 24) + (0 - 3) + -7?
-5
-6 - ((-14 - -8) + 13 - 9)
-4
11 + -36 + 30 + 24
29
What is the value of -23 + 17 + -6 + 1?
-11
What is the value of -18 + (4 - -8) + -3 + 2?
-7
5 - (4 + -3 + 3)
1
What is 208 - 224 - (2 + -4)?
-14
What is the value of (4 - 1) + 521 + -509?
15
What is the value of -8 + 0 + (206 - 216)?
-18
Evaluate -3 + 4 + (-17 - -30).
14
Calculate -54 - -65 - (2 + 0).
9
Evaluate 24 + (-13 - -11) + -11 - 21.
-10
What is 3 - (9 + 8 + -6)?
-8
Evaluate 12 + (13 + -26 + -7 - -7).
-1
What is the value of 41 + 26 + -43 + 13?
37
What is the value of -73 - -79 - (2 - 3) - 30?
-23
What is the value of (31 + -33 - (-1 - -5)) + -61 + 51?
-16
6 + (12 - (-12 - -16))
14
(0 + -19 + 3 - -3 - -7) + 7
1
What is the value of 12 - (-11 + 7 - (2 - 2 - -20))?
36
Evaluate 24 + -24 + 5 + -17.
-12
Evaluate 6 + (-14 - -7) + -2 + -6.
-9
Calculate -6 + -5 - ((-6 - -2) + 2).
-9
What is 8 - ((20 - 27) + (14 - (-3 - -2)))?
0
17 + -19 + (11 - 3)
6
Calculate (-100 - -95) + -2 + 3 + -3 + -2.
-9
-31 + 16 + 11 + -21
-25
Calculate -1 + -15 + -42 + (49 - 16).
-25
What is -141 + 116 - (4 + -1 + 1)?
-29
Calculate (1 - 2) + -8 + (26 - (5 + -6)).
18
Calculate -80 - -83 - ((2 - 3) + 1).
3
Evaluate ((1 - 7) + -9 - -2) + 1 + 0.
-12
What is the value of -1 + (-2 - -2) + (-21 - (37 + -65))?
6
What is (-20 + 43 - 26) + (1 - 8)?
-10
Evaluate -4 + 9 + -13 - (-3 - 0).
-5
-8 + 4 + 29 - (13 - 4 - 6)
22
What is 20 + (-26 + 7 - -3)?
4
-2 + -19 - (3 - -3 - 6 - 3)
-18
Evaluate (-8 - -20) + 2 + (0 - 4).
10
-4 + -5 + (-7 - (-2 - 12))
-2
What is (11 - 5) + 11 + 11?
28
Calculate -6 - -1 - (2 + 2 + -12) - 7.
-4
What is the value of -12 + -1 - (-3 - -3 - 2)?
-11
What is -15 - -3 - -13 - -7 - -3?
11
What is the value of -1 + (-3 - (-2 + 5))?
-7
What is the value of 2 - (-1 - (13 - 19))?
-3
What is -2 + -3 + (-2 - (0 + 2)) + 9?
0
Calculate -10 - (18 - 13 - 22).
7
Evaluate 13 + (-5 - 12) + 12.
8
Evaluate (6 - (12 - -2)) + 3 + 10.
5
(-1 - 17) + 16 + 1
-1
Calculate -76 - (-33 + 18 + -28).
-33
What is the value of 63 - 30 - 27 - (-1 + (26 - -3))?
-22
Evaluate -3 + -23 + 24 + -13 + 0.
-15
-4 - (2 + -3 + -8)
5
What is 9 + 0 - (2 + -13 - (-22 + 11))?
9
Evaluate -6 + (-6 - -32) - (-4 + 5 - 6).
25
Evaluate 4 - (-2 + 13 + -7 + 0).
0
14 - (-7 + 7 - -8) - (3 + -6)
9
Evaluate (0 - -7) + 208 + -193 + 0 + -8.
14
Evaluate -3 - (-2 + -4 - (5 - 8)).
0
Evaluate 18 + (-13 + -5 - 22).
-22
What is the value of -10 + 11 - (4 - -4 - 20)?
13
9 + (25 - 18 - -5)
21
Evaluate -11 + -11 + (28 - 12).
-6
Calculate 11 + -6 + (-7 - -5) + -1.
2
Evaluate 28 + 1 + -1 + 0 - (-119 - -125).
22
Calculate -11 + (2 - 1) - (-206 + 196).
0
Calculate -46 - -53 - (6 + -7 - 2 - -21).
-11
Calculate (36 - 15) + (-15 - -1).
7
What is the value of (-64 - -82) + 0 + 17 + 2?
37
What is the value of 33 + 8 + (-16 - 7 - 1)?
17
Evaluate (-36 - (-1 - 4)) + 11 + 6.
-14
What is 0 + -3 - -18 - (-28 - -35)?
8
-18 + (15 + 0 - 1)
-4
What is the value of -10 - -10 - (-6 + 1) - 1?
4
Calculate (-266 - -214) + 31 + 0.
-21
1 + (6 - (-2 + 6)) - 6
-3
(-24 - -22) + (4 - (-1 + 10)) - -17
10
What is the value of (-6 - (9 + -5 - (6 - 1))) + 1?
-4
What is the value of -4 - (11 + -29 + 8)?
6
-35 - (16 + -52 + 16)
-15
Calculate 287 - 283 - ((-1 - -3) + -1 + 11).
-8
Evaluate 13 + (-5 - (0 - -2)) + 5 - 1.
10
Calculate (-3 + 16 - 2 - 6) + 4.
9
What is the value of -1 + 5 - (31 + -29 + -1 + -2)?
5
Evaluate -4 + -3 - ((-2 - 7) + -5).
7
What is the value of -1 + 8 + (17 - 23)?
1
What is -20 + 0 - -21 - (-1 - 1)?
3
22 - 3 - (85 + -62)
-4
Evaluate 32 + -17 + 17 + -20.
12
Calculate 4 - 0 - (146 - 140).
-2
What is the value of (-2 - (3 - 4) - 4) + 17 + -1?
11
Evaluate (-2 - -1) + 2 + -8 + -1 - -6.
-2
What is the value of (226 - 260) + (74 - 0)?
40
What is the value of (-8 - (26 + -10)) + 37?
13
Calculate (-11 - -5 - 1 - -7) + -14 - 2.
-16
What is 9 + -14 - 4 - -16 - (1 + -15)?
21
What is (-11 - -7) + (8 - (4 - -9))?
-9
Calculate 2 + 7 + (11 - 29) - (0 - 9).
0
-21 + 4 + -44 + 56
-5
What is -8 - (-5 + (-7 - -16) + -3 + -2)?
-7
What is the value of 1 + (1 - 0) + 78 + -13 + -103?
-36
-4 + (-4 - -9 - (3 - 1))
-1
Evaluate 1 - -3 - (13 + -29